 the greatest common divisor of 1067 and c.
97
Let h(k) = -170*k**3 - 2*k**2 + 4*k + 5. Let v be h(-1). Calculate the greatest common divisor of 130 and v.
13
Let m be 987/(-6)*36/(-126). Suppose 32*b - m = 145. What is the highest common divisor of 3 and b?
3
Suppose 5*o - 32 = -4*j, 2*o = -j - 0*o + 8. Suppose 3*y - 82 = 2*s, -190*y + 186*y - 3*s = -81. Calculate the greatest common divisor of y and j.
8
Suppose -3*y = 3*y - 18. Suppose -2*a - 13 = -c, -y*c = -2*c + 5*a - 6. Suppose 240 = c*f - 365. What is the highest common divisor of 5 and f?
5
Let k be 2*72/(-16) + 60/3. What is the greatest common factor of 1199 and k?
11
Suppose 3*v - 244 = -2*a, -2*a = -0*a + 2*v - 242. Suppose -2*y + 341 - 264 = j, -2*y + 49 = -3*j. Calculate the greatest common divisor of y and a.
7
Suppose -5*b - 880 - 224 = -8*b. What is the greatest common factor of 2392 and b?
184
Let g(p) = -16*p**3 - 3*p**2 - 12*p - 21. Let x be g(-4). What is the greatest common divisor of 295 and x?
59
Let a = -22770 + 31828. What is the highest common factor of 28 and a?
14
Suppose r - 185 - 125 = 2*h, 1228 = 4*r - 5*h. What is the highest common divisor of 16 and r?
2
Suppose -9*q = 4*q. Suppose -7*s + 4*s + 1853 = 5*a, -2*a - 5*s + 745 = q. Calculate the highest common factor of 10 and a.
10
Let d(b) be the first derivative of 4*b**3/3 + 12*b**2 - 8*b + 303. Let q be d(-12). What is the greatest common divisor of q and 200?
40
Let k be ((-494)/133)/((-4)/6986). Calculate the greatest common factor of k and 39.
13
Let c(n) = -n - 2. Let r be 66/55*10/4. Let h(u) = -u - 1. Let g(j) = r*c(j) - 4*h(j). Let w be g(10). Calculate the highest common factor of w and 24.
8
Suppose -5*d - 8575 = -2*p, -2*p + 48*d + 8519 = 51*d. Calculate the highest common divisor of 488 and p.
122
Let y = 207 - 194. Suppose -5*o = y - 33. What is the greatest common factor of o and 60?
4
Suppose 3*x + 5*h - 1330 = 0, x - 2*h + 43 = 479. Calculate the greatest common factor of x and 770.
110
Let u(k) = 10*k + 97. Let i be 7*(-10)/15*(-3)/(-2). Let p be u(i). What is the highest common factor of 3 and p?
3
Let k(s) = 49*s + 2159. Let j be k(-43). Calculate the greatest common divisor of 1417 and j.
13
Let l(f) = f**2 + 2*f + 2. Let r be l(0). Suppose r*i = 24 - 12. Let g be (i/(-5))/(4/(-30)). What is the highest common factor of 9 and g?
9
Suppose -351*v - 506*v + 27941 = -52617. What is the highest common divisor of v and 7614?
94
Suppose 12 + 134 = 4*v - 5*d, -v + 3*d + 33 = 0. What is the greatest common factor of 468 and v?
39
Let z(d) be the second derivative of -1/3*d**3 - 29*d + 7/12*d**4 + 1/2*d**2 + 0 - 1/20*d**5. Let o be z(5). What is the greatest common factor of 369 and o?
41
Let p be 540/3 - (20 + -25). What is the highest common factor of 14615 and p?
185
Suppose 0 = -2*n + 2*g - 536, -3*g - 3 = -6*g. Let i = n + 277. Let a = -4 + 6. Calculate the highest common divisor of a and i.
2
Let l(h) = -9 - 2*h**2 - 4 + 3*h**2 + 70 - 11*h. Let m be l(9). What is the highest common divisor of 26 and m?
13
Let r = -7321 + 7576. Calculate the highest common divisor of 780 and r.
15
Let y(r) = -r - 2. Let a be y(-12). Let d = -8 + a. Suppose -d*k = k - 3*q - 102, -k = 5*q - 40. Calculate the highest common divisor of 7 and k.
7
Let i(h) = h**3 + 23*h**2 + 2*h + 650. Let l be i(-24). Calculate the greatest common divisor of 8073 and l.
13
Let x be -5*1 + (48/(-744) - 75656/(-248)). Calculate the greatest common divisor of 300 and x.
300
Let t(o) = -o**3 - 46*o**2 - 4*o + 779. Let d be t(-46). What is the highest common divisor of 27 and d?
9
Suppose -4230*q + 4246*q = 7914 + 6246. Calculate the greatest common divisor of 649 and q.
59
Suppose -5*j = -2*x - 10*j + 20, 4*x = -5*j + 60. Let l(f) = 22*f - 130. Let d be l(x). What is the highest common divisor of d and 31?
31
Let a = -72 - -75. Let v be (1349/284)/((-3)/(-36)). What is the highest common divisor of a and v?
3
Suppose -20*o = -4392 - 2648. What is the highest common divisor of 96 and o?
32
Let f(p) = p**3 - 15*p**2 + 8*p + 20. Let j be f(15). Let g be 6/4*(134/6 + 1). What is the highest common divisor of g and j?
35
Suppose 3*r = -3*g + 2157, 2*g - 1418 = 16*r - 13*r. What is the highest common divisor of 55 and g?
55
Let x(a) = 29*a**2 + 178*a + 73. Let b be x(-27). What is the greatest common factor of b and 56?
56
Let a(w) = -w**2 + 243*w - 1864. Let z be a(8). Calculate the highest common divisor of 4432 and z.
16
Let c be -14*20/(440/(-297)). What is the highest common factor of 1 and c?
1
Let h be (35 - 1)/(-6 - -4). Let q = h - -38. Let r = -20 + q. Calculate the highest common divisor of r and 8.
1
Let a be (459/36)/(75/(-40))*65/(-2). What is the highest common factor of a and 611?
13
Let h be (-145)/(6/(-4)*(-12)/(-18)). Let g = -136 + h. What is the greatest common factor of 9 and g?
9
Let v(z) = 16*z - 443. Let c be v(35). What is the highest common factor of c and 2223?
117
Suppose 4189 = 2*q - 341. Calculate the highest common divisor of q and 75.
15
Let u be (-2 - 6/9)/(2/15). Let n(s) = -s**3 - 19*s**2 + 23*s - 13. Let x be n(u). Let f = x - -106. Calculate the highest common divisor of 3 and f.
3
Let x be 96/(-336) + (-23)/(-7) + 1. Suppose -3*a = -x*l + 177, 4*l - 55 - 157 = -4*a. What is the greatest common factor of 744 and l?
24
Let t = 21076 - 20854. Calculate the highest common factor of 96 and t.
6
Let p be -459*(-1 - -2)/((-31)/217). What is the highest common divisor of 102 and p?
51
Suppose -34*z + 11458 = -1734. What is the highest common factor of z and 4?
4
Suppose 0 = 4*h - 9*h + 3*r - 12, -16 = 2*h - 4*r. Suppose h*s - 224 = -7*s. Suppose -4*m + 40 + s = 0. Calculate the greatest common factor of m and 18.
18
Let q = -306 - -289. Let f be (-3)/(-2)*(4 - (q + -3)). What is the greatest common factor of f and 27?
9
Suppose -k + 2 = -0*k. Let u be (176/2)/k - -1. Suppose -3*y = -240 - u. Calculate the highest common factor of 38 and y.
19
Let y = -1081 - -5755. What is the highest common divisor of y and 164?
82
Suppose 0 = 1212*w - 1197*w - 990. Calculate the highest common factor of 18546 and w.
66
Let g = 677 + 2133. What is the greatest common factor of 20 and g?
10
Suppose 1447 = 36*k + 86*k + 471. What is the greatest common divisor of k and 121?
1
Let y = 136 - 135. Let z be y + -11 - -6 - -213. Calculate the highest common factor of z and 19.
19
Let x be (-2)/(-1) + 385 + -242. What is the greatest common factor of x and 15515?
145
Let u = -7186 + 7190. What is the highest common factor of 4036 and u?
4
Suppose -1249 - 2658 = -3*z + 2618. What is the highest common divisor of 225 and z?
75
Let f = -97 + 97. Suppose f = 24*g - 20*g - 96. Calculate the highest common factor of 108 and g.
12
Let s be (0 - (-140)/21)*9. Let j = -7 - -11. Let w be -10*(-3 + 6/j). What is the greatest common factor of s and w?
15
Let y be (2/(-5))/((-10)/(-50)). Let z be -1*(3 + -5)*(-7)/y. What is the greatest common factor of z and 91?
7
Let o = -121 - -162. Suppose -o = -2*b + 155. Calculate the highest common divisor of 28 and b.
14
Let h = -306 - -562. Let r = -214 + h. Let v = 45 + -17. Calculate the highest common factor of v and r.
14
Let h be ((-252)/45)/14 - (-93)/(-5). Let a(t) = -4*t - 45. Let i be a(h). What is the greatest common factor of i and 1643?
31
Let s be (-3)/(3/2) + 330. Suppose -3818 - 10 = -12*l. Let r = -278 + l. Calculate the highest common divisor of r and s.
41
Let s(r) = -31*r + 152. Let x be s(-5). Let k = 367 - x. What is the greatest common divisor of 210 and k?
30
Let d(q) = 67*q + 946. Let c be d(21). What is the highest common divisor of 52 and c?
13
Let g = -270 + 378. Let l = 227 - 224. Suppose -l*u + n = -33, -3*u + 48 = -2*n + 6*n. Calculate the highest common factor of u and g.
12
Suppose -174*u = -147*u - 4536. What is the greatest common factor of 651 and u?
21
Suppose -56*d - 12 = -59*d. Suppose -5*t + 262 = -4*t - d*q, 0 = -2*t - q + 497. What is the highest common divisor of t and 150?
50
Let y be (54 - -1002) + 16/4. Calculate the greatest common divisor of 40 and y.
20
Let j = -6489 - -7792. What is the greatest common divisor of j and 1?
1
Let m(w) = -w**3 - 39*w**2 - 307*w + 78. Let k be m(-38). Calculate the greatest common factor of 40 and k.
20
Let y be (12/16)/(